{"id":8,"date":"2026-02-02T15:45:50","date_gmt":"2026-02-02T14:45:50","guid":{"rendered":"https:\/\/www.gardenpark.cz\/?page_id=8"},"modified":"2026-04-15T16:21:38","modified_gmt":"2026-04-15T14:21:38","slug":"domu","status":"publish","type":"page","link":"https:\/\/www.gardenpark.cz\/","title":{"rendered":"O n\u00e1s"},"content":{"rendered":"\n<p>Zahradnick\u00e1 prodejna v\u00a0Jen\u010di v bl\u00edzkosti Hostivice a Prahy z\u00e1pad V\u00e1m nab\u00edz\u00ed \u0161irok\u00fd sortiment rostlin, hnojiv, substr\u00e1t\u016f a dal\u0161\u00edho zahradnick\u00e9ho materi\u00e1lu na prodejn\u00ed plo\u0161e p\u0159es 5.000 m2. Mimo zbo\u017e\u00ed u n\u00e1s naleznete p\u0159\u00edjemnou atmosf\u00e9ru, inspiraci, ale i dobrou radu od kvalifikovan\u00e9ho person\u00e1lu. Pohodln\u00fd vjezd, velk\u00e9 parkovi\u0161t\u011b a pomoc s\u00a0nakl\u00e1dkou nebo mo\u017enost dopravy zbo\u017e\u00ed a\u017e k\u00a0V\u00e1m dom\u016f je samoz\u0159ejmost\u00ed.<\/p>\n\n\n\n<p>Aktu\u00e1ln\u00ed d\u011bn\u00ed v\u00a0zahradnick\u00e9 prodejn\u011b m\u016f\u017eete sledovat na \n<a href=\"https:\/\/www.facebook.com\/gardenpark.cz\"><span class=\"screen-reader-text\">Facebook<\/span><svg class=\"icon icon-facebook\" aria-hidden=\"true\" role=\"img\"> <use href=\"#icon-facebook\" xlink:href=\"#icon-facebook\"><\/use> <\/svg><\/a>\n <a href=\"https:\/\/www.instagram.com\/gardenpark.cz\"><span class=\"screen-reader-text\">Instagram<\/span><svg class=\"icon icon-instagram\" aria-hidden=\"true\" role=\"img\"> <use href=\"#icon-instagram\" xlink:href=\"#icon-instagram\"><\/use> <\/svg><\/a><\/p>\n\n\n\n<p><\/p>\n","protected":false},"excerpt":{"rendered":"<p>Zahradnick\u00e1 prodejna v\u00a0Jen\u010di v bl\u00edzkosti Hostivice a Prahy z\u00e1pad V\u00e1m nab\u00edz\u00ed \u0161irok\u00fd sortiment rostlin, hnojiv, substr\u00e1t\u016f a dal\u0161\u00edho zahradnick\u00e9ho materi\u00e1lu na prodejn\u00ed plo\u0161e p\u0159es 5.000 m2. Mimo zbo\u017e\u00ed u n\u00e1s naleznete p\u0159\u00edjemnou atmosf\u00e9ru, inspiraci, ale i dobrou radu od kvalifikovan\u00e9ho person\u00e1lu. Pohodln\u00fd vjezd, velk\u00e9 parkovi\u0161t\u011b a pomoc s\u00a0nakl\u00e1dkou nebo mo\u017enost dopravy zbo\u017e\u00ed a\u017e k\u00a0V\u00e1m dom\u016f &hellip; <\/p>\n<p class=\"link-more\"><a href=\"https:\/\/www.gardenpark.cz\/\" class=\"more-link\">Pokra\u010dovat ve \u010dten\u00ed<span class=\"screen-reader-text\"> &#8222;O n\u00e1s&#8220;<\/span><\/a><\/p>\n","protected":false},"author":1,"featured_media":0,"parent":0,"menu_order":0,"comment_status":"closed","ping_status":"closed","template":"","meta":{"footnotes":""},"class_list":["post-8","page","type-page","status-publish","hentry"],"_links":{"self":[{"href":"https:\/\/www.gardenpark.cz\/wp-json\/wp\/v2\/pages\/8","targetHints":{"allow":["GET"]}}],"collection":[{"href":"https:\/\/www.gardenpark.cz\/wp-json\/wp\/v2\/pages"}],"about":[{"href":"https:\/\/www.gardenpark.cz\/wp-json\/wp\/v2\/types\/page"}],"author":[{"embeddable":true,"href":"https:\/\/www.gardenpark.cz\/wp-json\/wp\/v2\/users\/1"}],"replies":[{"embeddable":true,"href":"https:\/\/www.gardenpark.cz\/wp-json\/wp\/v2\/comments?post=8"}],"version-history":[{"count":14,"href":"https:\/\/www.gardenpark.cz\/wp-json\/wp\/v2\/pages\/8\/revisions"}],"predecessor-version":[{"id":251,"href":"https:\/\/www.gardenpark.cz\/wp-json\/wp\/v2\/pages\/8\/revisions\/251"}],"wp:attachment":[{"href":"https:\/\/www.gardenpark.cz\/wp-json\/wp\/v2\/media?parent=8"}],"curies":[{"name":"wp","href":"https:\/\/api.w.org\/{rel}","templated":true}]}}

O nás

<p>Zahradnická prodejna v Jenči v blízkosti Hostivice a Prahy západ Vám nabízí široký sortiment rostlin, hnojiv, substrátů a dalšího zahradnického materiálu na prodejní ploše přes 5.000 m2. Mimo zboží u nás naleznete příjemnou atmosféru, inspiraci, ale i dobrou radu od kvalifikovaného personálu. Pohodlný vjezd, velké parkoviště a pomoc s nakládkou nebo možnost dopravy zboží až k Vám domů je samozřejmostí.</p>



<p>Aktuální dění v zahradnické prodejně můžete sledovat na 
<a href="https://www.facebook.com/gardenpark.cz"><span class="screen-reader-text">Facebook</span><svg class="icon icon-facebook" aria-hidden="true" role="img"> <use href="#icon-facebook" xlink:href="#icon-facebook"></use> </svg></a>
 <a href="https://www.instagram.com/gardenpark.cz"><span class="screen-reader-text">Instagram</span><svg class="icon icon-instagram" aria-hidden="true" role="img"> <use href="#icon-instagram" xlink:href="#icon-instagram"></use> </svg></a></p>



<p></p>

<p>Zahradnická prodejna v Jenči v blízkosti Hostivice a Prahy západ Vám nabízí široký sortiment rostlin, hnojiv, substrátů a dalšího zahradnického materiálu na prodejní ploše přes 5.000 m2. Mimo zboží u nás naleznete příjemnou atmosféru, inspiraci, ale i dobrou radu od kvalifikovaného personálu. Pohodlný vjezd, velké parkoviště a pomoc s nakládkou nebo možnost dopravy zboží až k Vám domů &hellip; </p>
<p class="link-more"><a href="https://www.gardenpark.cz/" class="more-link">Pokračovat ve čtení<span class="screen-reader-text"> &#8222;O nás&#8220;</span></a></p>
